d by t.
9
Let l = 53 + -45. What is the remainder when 46 is divided by l?
6
Calculate the remainder when 130 is divided by 121/22*(-2 - 0 - -4).
9
Let s(u) = u**2. Let r(y) = y + 1. Let a(d) = 6*r(d) + 3*s(d). Calculate the remainder when a(-6) is divided by 20.
18
Suppose -k + 10 = -95. Calculate the remainder when k is divided by 18.
15
Let n = -22 + 32. Calculate the remainder when 4/5 - (-4862)/85 is divided by n.
8
Suppose i - 8 = -4*c - 2, 4*c = 2*i - 36. Let t(v) = v + 6. Let g be t(-6). Let x(z) = -z + 5. What is the remainder when i is divided by x(g)?
4
Calculate the remainder when 34 is divided by (-2)/1*(21/(-3) + 2).
4
Let m(w) = -w**3 - 7*w**2 - 5*w + 8. Let y be m(-6). Suppose y*t - 5*o = 65 + 24, -52 = -t + 4*o. Calculate the remainder when t is divided by 121/7 + (-2)/7.
15
Let w(o) = -o**3 - 5*o**2 + 6*o. Let r be w(-6). Suppose r = -3*b + 95 - 23. Suppose 0 = -5*s + 53 + 297. Calculate the remainder when s is divided by b.
22
Let b(u) = -u**3 - 6*u**2 + 2*u + 7. Suppose 5*d + 13 + 19 = r, 3*r = -3*d - 30. Suppose 0 = j - 15 - 0. What is the remainder when b(d) is divided by j?
12
Let s = 647 - 635. Calculate the remainder when 0/(4/(-2)) - -22 is divided by s.
10
Let w = 7 - 3. Calculate the remainder when 9 is divided by (-156)/(-27) + w/18.
3
Suppose -6*r - 4*r = -670. Calculate the remainder when r is divided by 14.
11
Let t be ((1 - 3) + 1)*-3. Suppose -t*d + 20 = -2*d. Let k = d + 1. What is the remainder when 40 is divided by k?
19
Let t be 3 + (0 - 0 - 1). Suppose t*i - b = -0*i + 4, 5*b = -5*i + 10. What is the remainder when 3 + (-2 + 2)/(-3) is divided by i?
1
Let g(d) = -2*d - 9. Let w be g(-6). Let p = w + 2. Calculate the remainder when p is divided by 2.
1
Suppose -4*f + 5*k + 36 = -49, 10 = 2*f + 4*k. Let j(a) = -2*a + 4. What is the remainder when f is divided by j(-1)?
3
Suppose 25 = 7*x - 31. Suppose 2*v = 8, -5*v + 12 = -2*t + 52. What is the remainder when t is divided by x?
6
Suppose 0 = 4*w - 3*i - 23, -4*i - 24 = 2*w - 4*w. Suppose 3*n - 19 = w*n. Suppose 0 = -6*f - 42 + 258. Calculate the remainder when f is divided by n.
17
Let x = -139 + 211. What is the remainder when x is divided by 20?
12
Suppose -2*t - 3*b + 17 = 0, -t - 5 = -b - 2*b. Suppose 0 = t*u - 2*u - 20. What is the remainder when 29 is divided by u?
9
Let f(z) = z**2 - 4*z + 7. What is the remainder when 27 is divided by f(4)?
6
Suppose 4*i + 1 = 9. Calculate the remainder when ((-4)/(-5))/((-444)/150 - -3) is divided by 2*(6/4 + i).
6
Let a = -2 + 6. Let c be (1 - a)*3/3. Calculate the remainder when ((-14)/(-2))/(c/(-6)) is divided by 8.
6
Suppose 2*q + q - 9 = -i, 4*i + 3*q = 27. What is the remainder when (0 - 2/4)/((-32)/704) is divided by i?
5
Let o(g) = -g**3 - g**2 + g + 30. Suppose -2*i = -4*s + 12, s + 2*s - 9 = 5*i. Let j be o(i). Calculate the remainder when 15 is divided by j/4 - (-2)/4.
7
Suppose -4*u + 46 = -158. Calculate the remainder when u is divided by 18.
15
Let j(v) = -v - 31. Let x be j(0). Let h = 59 + x. What is the remainder when h is divided by (-2 + 9)*40/28?
8
Suppose 2*t - 87 = -65. What is the remainder when t is divided by 4?
3
Let a = -37 - -48. Calculate the remainder when 62 is divided by a.
7
Suppose 5*a - 555 = -280. Suppose -3*j + 2*s = 15 - 59, 0 = -3*j - 2*s + 40. What is the remainder when a is divided by j?
13
Let q(t) = -t + 13. What is the remainder when q(5) is divided by 5?
3
Let s be 6/4*(-10)/5. What is the remainder when (-59)/s - 3/(-9) is divided by 11?
9
Suppose 2*x = -4*o + 80, 4*x = 3*x + 5*o + 19. Calculate the remainder when 99 is divided by x.
31
Suppose 4*i + 2 = 62. What is the remainder when i is divided by 4?
3
Let r be (-3)/(6/(-76)) - -2. Let c = r + -22. Let g = 169 + -116. Calculate the remainder when g is divided by c.
17
Let c be (-2 + 0 + 2)/2. Let d = 4 - 2. Suppose 58 = 5*q + d*x - c, -5*q - 5*x + 55 = 0. What is the remainder when 22 is divided by q?
10
Calculate the remainder when 57 is divided by (-4)/(-14) - -206*(-4)/(-56).
12
Suppose -6 = -3*k + 9. Suppose 3*n - 26 = 4*f, -n - 17 = 3*n + 5*f. Suppose v - 9 = -n*v. What is the remainder when k is divided by v?
2
Suppose 4*f + 28 = 2*m, -3*m + 2*f = -2*f - 32. Let p = 10 + m. Suppose -4*g = 16, -4*g = -2*c + 49 - 17. What is the remainder when p is divided by c?
6
Let z be 5/(-5)*82/2. Let k = 64 + z. Calculate the remainder when k is divided by 12.
11
Let p = 8 + -4. Suppose 4*b - 101 = -41. Calculate the remainder when b is divided by p.
3
What is the remainder when 0 + (-3)/(-3) + 25 is divided by 15?
11
What is the remainder when 60/2 + (-4)/(-1) is divided by 9?
7
Suppose -2*p + 55 - 11 = 0. Let w(a) = a + 8. Calculate the remainder when p is divided by w(0).
6
Let q = 128 + -122. What is the remainder when 21 is divided by q?
3
Suppose -150 = -3*p - 0*p. Calculate the remainder when p is divided by 13.
11
Let j = 42 + -17. What is the remainder when j is divided by 14?
11
Suppose 3*p - 12 = -2*p + 2*f, 12 = 3*f. What is the remainder when 10 is divided by p?
2
What is the remainder when ((-190)/15)/(2*(-3)/9) is divided by 10?
9
Suppose 0 = -f + 5, 2 = -3*j - 2*f - 9. Let k be 39 + j + -1*1. Let s = -22 + k. Calculate the remainder when 16 is divided by s.
7
Suppose -3*a + 63 = -3. Suppose -4*d + 7*d - 36 = 0. What is the remainder when a is divided by d?
10
Let b be (2 - 0) + 1 + 123. Suppose 2*l - 180 = 5*m, -5*l + 591 - b = -5*m. Suppose -2*y - 17 + l = 0. What is the remainder when y is divided by 14?
11
Suppose -2 = -2*o + o. Suppose -16 = -o*u + 62. What is the remainder when u is divided by 20?
19
Suppose -m + 2 + 3 = 0. Let d = -28 - -34. Let g(b) = b**3 - 5*b**2 - 6*b + 9. What is the remainder when g(d) is divided by m?
4
Suppose 5*b = v - 304, 1564 = 5*v - 2*b - b. Suppose 0*t + 4*t + 2*z = v, -2*t + z + 159 = 0. Let k = -21 + t. Calculate the remainder when k is divided by 20.
18
Let p(i) = i**2 - 7*i + 5. Let r be p(8). Suppose 4*o - r + 5 = 0. What is the remainder when 3 is divided by o?
1
Suppose 4*w + r = 60, -2*r + 32 = 3*w + 2*r. Let z = 71 - 40. Calculate the remainder when z is divided by w.
15
Let b be -3 + 0 + 2 + 4. Let w be (-4)/(-10) + b/5. Calculate the remainder when 34 is divided by (-2)/(w/(-1)) + 16.
16
Suppose -16 + 4 = -4*m. Suppose -2*s = -m*s - 4*j + 17, -3*j - 11 = -4*s. Calculate the remainder when 14 is divided by s.
4
Let t(g) = 2*g**2 + 4*g. Let c be (-4)/(-8)*-14*1. Let j be t(c). Suppose 8*z - j = 3*z. What is the remainder when z is divided by 8?
6
Suppose -4*f + 2*f + 2*l + 66 = 0, 0 = -5*l + 25. Calculate the remainder when f is divided by 4/(-6) + (-124)/(-6).
18
Calculate the remainder when (-5*(-3)/(-3))/(1/(-2)) is divided by 3.
1
Let q = 64 - 54. What is the remainder when 47 is divided by q?
7
Let k(p) = -2*p + 45. Calculate the remainder when k(-10) is divided by 22.
21
Suppose -2*q = 3*q - 40. What is the remainder when 22 is divided by q?
6
Suppose 3*u + 10 = 6*u + d, 5*d = -3*u - 10. What is the remainder when 8 is divided by u?
3
Suppose -w - 3*v - 9 = 0, -4*w - 7*v + 2*v - 8 = 0. Suppose w*o - 21 = 24. Calculate the remainder when o is divided by 416/(-39)*(-3)/4.
7
Suppose 6*k + l - 35 = k, 4*k + 5*l = 7. What is the remainder when 14 is divided by k?
6
Suppose 0 = -9*j + 12*j. Suppose -3*c - 27 = -j*c. Let k = c + 13. Calculate the remainder when 11 is divided by k.
3
Suppose 0 = 3*z - m + 107, 2*z - 7*m = -4*m - 83. Suppose -3*n = -5*n + 10. Calculate the remainder when (7/14)/((-1)/z) is divided by n.
2
Let i = -17 + 39. What is the remainder when i is divided by (144/54)/(1/6*2)?
6
Suppose -a - 3*g = -g + 2, 3*a + 2*g = -2. Calculate the remainder when -2*-5*11/2 is divided by 38*(2 + a)/4.
17
Suppose -110 - 73 = -3*c. Suppose -2*t + 3*q = -3*t + 12, -4*t + q + c = 0. Calculate the remainder when 57 is divided by t.
12
Suppose 8 = 4*w, 5*r - 3*w = w - 8. Suppose r = -5*m + 2*m - 3*j + 165, 75 = m - 4*j. What is the remainder when m is divided by 15?
14
Suppose 5*g + 5 - 55 = 0. Let q = g + -5. Suppose f + 2 - 25 = -y, -5*f + 75 = -3*y. Calculate the remainder when f is divided by q.
3
Suppose k - 24 = 3*k. Let g(f) = f + 3. Let a be g(-12). Let v = a - k. What is the remainder when v is divided by 3?
0
Suppose 2*x + 10 = 2. Let d = x - -6. C